[INFO] cloning repository https://github.com/SimonAkers/govee_api
[INFO] running `Command { std: "git" "-c" "credential.helper=" "-c" "credential.helper=/workspace/cargo-home/bin/git-credential-null" "clone" "--bare" "https://github.com/SimonAkers/govee_api" "/workspace/cache/git-repos/https%3A%2F%2Fgithub.com%2FSimonAkers%2Fgovee_api", kill_on_drop: false }`
[INFO] [stderr] Cloning into bare repository '/workspace/cache/git-repos/https%3A%2F%2Fgithub.com%2FSimonAkers%2Fgovee_api'...
[INFO] running `Command { std: "git" "rev-parse" "HEAD", kill_on_drop: false }`
[INFO] [stdout] a5e2123bc113b8ff54021c9d9ebd3027c1dcacd8
[INFO] checking SimonAkers/govee_api against master#e6e4f7ed1589e03bc2f6c5931c1a72e7947e8682 for beta-170-4
[INFO] running `Command { std: "git" "clone" "/workspace/cache/git-repos/https%3A%2F%2Fgithub.com%2FSimonAkers%2Fgovee_api" "/workspace/builds/worker-5-tc2/source", kill_on_drop: false }`
[INFO] [stderr] Cloning into '/workspace/builds/worker-5-tc2/source'...
[INFO] [stderr] done.
[INFO] validating manifest of git repo https://github.com/SimonAkers/govee_api on toolchain e6e4f7ed1589e03bc2f6c5931c1a72e7947e8682
[INFO] running `Command { std: CARGO_HOME="/workspace/cargo-home" RUSTUP_HOME="/workspace/rustup-home" "/workspace/cargo-home/bin/cargo" "+e6e4f7ed1589e03bc2f6c5931c1a72e7947e8682" "metadata" "--manifest-path" "Cargo.toml" "--no-deps", kill_on_drop: false }`
[INFO] started tweaking git repo https://github.com/SimonAkers/govee_api
[INFO] finished tweaking git repo https://github.com/SimonAkers/govee_api
[INFO] tweaked toml for git repo https://github.com/SimonAkers/govee_api written to /workspace/builds/worker-5-tc2/source/Cargo.toml
[INFO] crate git repo https://github.com/SimonAkers/govee_api already has a lockfile, it will not be regenerated
[INFO] running `Command { std: CARGO_HOME="/workspace/cargo-home" RUSTUP_HOME="/workspace/rustup-home" "/workspace/cargo-home/bin/cargo" "+e6e4f7ed1589e03bc2f6c5931c1a72e7947e8682" "fetch" "--manifest-path" "Cargo.toml", kill_on_drop: false }`
[INFO] running `Command { std: "docker" "create" "-v" "/var/lib/crater-agent-workspace/builds/worker-5-tc2/target:/opt/rustwide/target:rw,Z" "-v" "/var/lib/crater-agent-workspace/builds/worker-5-tc2/source:/opt/rustwide/workdir:ro,Z" "-v" "/var/lib/crater-agent-workspace/cargo-home:/opt/rustwide/cargo-home:ro,Z" "-v" "/var/lib/crater-agent-workspace/rustup-home:/opt/rustwide/rustup-home:ro,Z" "-e" "SOURCE_DIR=/opt/rustwide/workdir" "-e" "CARGO_TARGET_DIR=/opt/rustwide/target" "-e" "CARGO_HOME=/opt/rustwide/cargo-home" "-e" "RUSTUP_HOME=/opt/rustwide/rustup-home" "-w" "/opt/rustwide/workdir" "-m" "1610612736" "--user" "0:0" "--network" "none" "ghcr.io/rust-lang/crates-build-env/linux@sha256:19e73879b68f455e41552ea35293514db52ea292d993f571636dbffedb77a1ee" "/opt/rustwide/cargo-home/bin/cargo" "+e6e4f7ed1589e03bc2f6c5931c1a72e7947e8682" "metadata" "--no-deps" "--format-version=1", kill_on_drop: false }`
[INFO] [stdout] 9c6add6352710af091b25a72c02008b54aee10b10f685ad4ae61044e6e0510cf
[INFO] running `Command { std: "docker" "start" "-a" "9c6add6352710af091b25a72c02008b54aee10b10f685ad4ae61044e6e0510cf", kill_on_drop: false }`
[INFO] running `Command { std: "docker" "inspect" "9c6add6352710af091b25a72c02008b54aee10b10f685ad4ae61044e6e0510cf", kill_on_drop: false }`
[INFO] running `Command { std: "docker" "rm" "-f" "9c6add6352710af091b25a72c02008b54aee10b10f685ad4ae61044e6e0510cf", kill_on_drop: false }`
[INFO] [stdout] 9c6add6352710af091b25a72c02008b54aee10b10f685ad4ae61044e6e0510cf
[INFO] running `Command { std: "docker" "create" "-v" "/var/lib/crater-agent-workspace/builds/worker-5-tc2/target:/opt/rustwide/target:rw,Z" "-v" "/var/lib/crater-agent-workspace/builds/worker-5-tc2/source:/opt/rustwide/workdir:ro,Z" "-v" "/var/lib/crater-agent-workspace/cargo-home:/opt/rustwide/cargo-home:ro,Z" "-v" "/var/lib/crater-agent-workspace/rustup-home:/opt/rustwide/rustup-home:ro,Z" "-e" "SOURCE_DIR=/opt/rustwide/workdir" "-e" "CARGO_TARGET_DIR=/opt/rustwide/target" "-e" "CARGO_INCREMENTAL=0" "-e" "RUST_BACKTRACE=full" "-e" "RUSTFLAGS=--cap-lints=forbid" "-e" "RUSTDOCFLAGS=--cap-lints=forbid" "-e" "CARGO_HOME=/opt/rustwide/cargo-home" "-e" "RUSTUP_HOME=/opt/rustwide/rustup-home" "-w" "/opt/rustwide/workdir" "-m" "1610612736" "--user" "0:0" "--network" "none" "ghcr.io/rust-lang/crates-build-env/linux@sha256:19e73879b68f455e41552ea35293514db52ea292d993f571636dbffedb77a1ee" "/opt/rustwide/cargo-home/bin/cargo" "+e6e4f7ed1589e03bc2f6c5931c1a72e7947e8682" "check" "--frozen" "--all" "--all-targets" "--message-format=json", kill_on_drop: false }`
[INFO] [stdout] 721e01bca95325087deaaf1a9e613b32ede0f5b3d9115abc10905bd42924dde8
[INFO] running `Command { std: "docker" "start" "-a" "721e01bca95325087deaaf1a9e613b32ede0f5b3d9115abc10905bd42924dde8", kill_on_drop: false }`
[INFO] [stderr]    Compiling syn v1.0.90
[INFO] [stderr]    Compiling libc v0.2.121
[INFO] [stderr]    Compiling parking_lot_core v0.9.2
[INFO] [stderr]    Compiling pkg-config v0.3.25
[INFO] [stderr]    Compiling quote v1.0.17
[INFO] [stderr]     Checking tracing-core v0.1.23
[INFO] [stderr]    Compiling native-tls v0.2.10
[INFO] [stderr]    Compiling serde v1.0.136
[INFO] [stderr]     Checking tracing v0.1.32
[INFO] [stderr]     Checking want v0.3.0
[INFO] [stderr]    Compiling openssl-sys v0.9.72
[INFO] [stderr]     Checking signal-hook-registry v1.4.0
[INFO] [stderr]     Checking socket2 v0.4.4
[INFO] [stderr]     Checking num_cpus v1.13.1
[INFO] [stderr]     Checking mio v0.8.2
[INFO] [stderr]    Compiling openssl v0.10.38
[INFO] [stderr]     Checking parking_lot v0.12.0
[INFO] [stderr]    Compiling tokio-macros v1.7.0
[INFO] [stderr]    Compiling futures-macro v0.3.21
[INFO] [stderr]    Compiling serde_derive v1.0.136
[INFO] [stderr]     Checking tokio v1.17.0
[INFO] [stderr]     Checking futures-util v0.3.21
[INFO] [stderr]     Checking futures-executor v0.3.21
[INFO] [stderr]     Checking futures v0.3.21
[INFO] [stderr]     Checking tokio-util v0.6.9
[INFO] [stderr]     Checking tokio-native-tls v0.3.0
[INFO] [stderr]     Checking h2 v0.3.12
[INFO] [stderr]     Checking serde_json v1.0.79
[INFO] [stderr]     Checking serde_urlencoded v0.7.1
[INFO] [stderr]     Checking hyper v0.14.18
[INFO] [stderr]     Checking hyper-tls v0.5.0
[INFO] [stderr]     Checking reqwest v0.11.10
[INFO] [stderr]     Checking govee_api v0.1.0 (/opt/rustwide/workdir)
[INFO] [stdout] error[E0583]: file not found for module `config`
[INFO] [stdout]  --> src/main.rs:6:1
[INFO] [stdout]   |
[INFO] [stdout] 6 | mod config;
[INFO] [stdout]   | ^^^^^^^^^^^
[INFO] [stdout]   |
[INFO] [stdout]   = help: to create the module `config`, create file "src/config.rs" or "src/config/mod.rs"
[INFO] [stdout] 
[INFO] [stdout] 
[INFO] [stdout] error[E0583]: file not found for module `config`
[INFO] [stdout]  --> src/main.rs:6:1
[INFO] [stdout]   |
[INFO] [stdout] 6 | mod config;
[INFO] [stdout]   | ^^^^^^^^^^^
[INFO] [stdout]   |
[INFO] [stdout]   = help: to create the module `config`, create file "src/config.rs" or "src/config/mod.rs"
[INFO] [stdout] 
[INFO] [stdout] 
[INFO] [stdout] error[E0425]: cannot find value `API_KEY` in module `config`
[INFO] [stdout]  --> src/main.rs:9:37
[INFO] [stdout]   |
[INFO] [stdout] 9 |     let api = GoveeAPI::new(config::API_KEY.to_owned());
[INFO] [stdout]   |                                     ^^^^^^^ not found in `config`
[INFO] [stdout] 
[INFO] [stdout] 
[INFO] [stdout] error[E0425]: cannot find value `API_KEY` in module `config`
[INFO] [stdout]  --> src/main.rs:9:37
[INFO] [stdout]   |
[INFO] [stdout] 9 |     let api = GoveeAPI::new(config::API_KEY.to_owned());
[INFO] [stdout]   |                                     ^^^^^^^ not found in `config`
[INFO] [stdout] 
[INFO] [stdout] 
[INFO] [stdout] error: aborting due to 2 previous errors
[INFO] [stdout] 
[INFO] [stdout] 
[INFO] [stdout] Some errors have detailed explanations: E0425, E0583.
[INFO] [stdout] 
[INFO] [stdout] For more information about an error, try `rustc --explain E0425`.
[INFO] [stdout] 
[INFO] [stderr] error: could not compile `govee_api` (bin "govee_api" test) due to 3 previous errors
[INFO] [stderr] warning: build failed, waiting for other jobs to finish...
[INFO] [stdout] error: aborting due to 2 previous errors
[INFO] [stdout] 
[INFO] [stdout] 
[INFO] [stdout] Some errors have detailed explanations: E0425, E0583.
[INFO] [stdout] 
[INFO] [stdout] For more information about an error, try `rustc --explain E0425`.
[INFO] [stdout] 
[INFO] [stderr] error: could not compile `govee_api` (bin "govee_api") due to 3 previous errors
[INFO] running `Command { std: "docker" "inspect" "721e01bca95325087deaaf1a9e613b32ede0f5b3d9115abc10905bd42924dde8", kill_on_drop: false }`
[INFO] running `Command { std: "docker" "rm" "-f" "721e01bca95325087deaaf1a9e613b32ede0f5b3d9115abc10905bd42924dde8", kill_on_drop: false }`
[INFO] [stdout] 721e01bca95325087deaaf1a9e613b32ede0f5b3d9115abc10905bd42924dde8
